{"id":1271,"date":"2017-05-17T20:52:08","date_gmt":"2017-05-17T18:52:08","guid":{"rendered":"http:\/\/timokivio.com\/staging\/?page_id=1271"},"modified":"2017-08-09T13:36:49","modified_gmt":"2017-08-09T11:36:49","slug":"musta-aukko-ongelman-hoitaminen","status":"publish","type":"page","link":"https:\/\/timokivio.com\/staging\/musta-aukko-ongelman-hoitaminen\/","title":{"rendered":"Musta aukko -ongelman hoitaminen"},"content":{"rendered":"<div class=\"wpb-content-wrapper\"><p>[vc_row full_width=&#8221;0&#8243; full_height=&#8221;0&#8243; row_padding=&#8221;no_padding&#8221; particles=&#8221;0&#8243; css=&#8221;.vc_custom_1457426772551{padding-top: 64px !important;}&#8221;][vc_column offset=&#8221;vc_col-md-6&#8243;]<div class=\"section_header subtitle_bottom   fancy text-left\">\r\n\r\n    <h3 class=\"p1\">Mik\u00e4 on musta aukko -ongelma<span class=\"Apple-converted-space\">\u00a0<\/span>ja mik\u00e4 siihen voi auttaa?<\/h3>\n\r\n\r\n        <p ><\/p>\r\n<\/div>[vc_column_text]Musta aukko -ongelma on useamman el\u00e4m\u00e4n aikana muodostunut, henkil\u00f6kohtaisen historiamme aikaansaama ydinongelma tai teema, joka hallitsee niin sis\u00e4ist\u00e4 kuin ulkoistakin el\u00e4m\u00e4\u00e4mme ja jonka hoitaminen voi olla ratkaisevassa asemassa sis\u00e4isen vapauden ja el\u00e4m\u00e4nmuutoksen aikaansaamiseksi.<\/p>\n<p>Musta aukko -ongelmille on ominaista tietyt tunnusmerkit, jotka erottavat ne muista ongelmista. Ensinn\u00e4kin, niill\u00e4 on selke\u00e4 sijainti, jonka ytimeen on pakkautunut uskomaton m\u00e4\u00e4r\u00e4 emotionaalista kipua, luoden tilan, miss\u00e4 kaikki on kirjaimellisesti j\u00e4m\u00e4ht\u00e4nyt paikoilleen. T\u00e4m\u00e4 saa aikaan eritt\u00e4in syv\u00e4n, konkreettisen ja pysyv\u00e4n kokemuksen siit\u00e4, ett\u00e4 on joutunut sellaiseen sis\u00e4iseen tilaan, mist\u00e4 ei ole poisp\u00e4\u00e4sy\u00e4.<\/p>\n<p>Toiseksi, ongelmaan liittyv\u00e4st\u00e4 aiheesta tulee niin t\u00e4rke\u00e4, vaikea ja ongelmallinen, ett\u00e4 siit\u00e4 tulee ensisijainen l\u00e4hestymistapa, jonka kautta el\u00e4mme ja katsomme el\u00e4m\u00e4\u00e4. Toisin sanoen, se tuo kyseisen ongelman el\u00e4m\u00e4mme jokaisen osa-alueen ja yksityiskohdan ytimeen. N\u00e4in se yhdist\u00e4\u00e4 koko el\u00e4m\u00e4mme yhdeksi ainoaksi, \u00e4\u00e4rimm\u00e4isen massiiviseksi ongelmaksi, joka py\u00f6rii yhden asian ymp\u00e4rill\u00e4 ja jonka\u00a0hoitaminen ja selvitt\u00e4minen tuntuu ylivoimaiselta ja toivottomalta.<\/p>\n<p>Ja joissain tapauksissa k\u00e4ykin niin, ett\u00e4 ongelman ytimeen liittyv\u00e4 emotionaalinen kipu muodostuu liian kovaksi kokea &#8211; niin kovaksi,\u00a0ett\u00e4 se ei en\u00e4\u00e4 halua olla olemassa &#8211; ja se halu saattaa ongelman ytimen kirjaimellisesti sellaiseen tilaan kuin siell\u00e4 ei en\u00e4\u00e4 olisi el\u00e4m\u00e4\u00e4. T\u00e4m\u00e4 tila tunnetaan nimell\u00e4 Spot of Non-Existence (Spot).<\/p>\n<p>VortexHealingin\u00ae perustajan, Ric Weinmanin, sanoja lainaillen:<\/p>\n<p style=\"padding-left: 30px;\"><em>&#8220;Kuvittele, ett\u00e4 olet jossain juhlissa, jossa huoneen keskell\u00e4 sattuu olemaan kuollut ihminen. Tavalla tai toisella koko juhlav\u00e4ki p\u00e4\u00e4tyy kulkemaan ympyr\u00e4\u00e4 sen kuolleen pisteen ymp\u00e4rill\u00e4.\u00a0Riippumatta siit\u00e4, kuinka paljon yritt\u00e4isit olla huomaamatta sit\u00e4 tai olla v\u00e4litt\u00e4m\u00e4tt\u00e4 siit\u00e4, kaikella mit\u00e4 teet, on jonkinlainen suhde siihen. Niinp\u00e4 jos sinulla\u00a0on t\u00e4llainen piste sis\u00e4ll\u00e4si, tavalla tai toisella\u00a0sinun koko emotionaalinen el\u00e4m\u00e4si tulee py\u00f6rim\u00e4\u00e4n sen ymp\u00e4rill\u00e4.&#8221;<\/em><\/p>\n<p>&nbsp;<\/p>\n<p>Musta aukko &#8211; ja Spot-ongelmien hoitamisessa on v\u00e4ltt\u00e4m\u00e4t\u00f6nt\u00e4, ett\u00e4 hoidot voidaan kohdentaa muuntamaan\u00a0juuri sit\u00e4 ehdollistumaa mik\u00e4 tekee niist\u00e4 poikkeavia muihin ongelmiin verrattuna, sill\u00e4 se\u00a0on p\u00e4\u00e4vastuussa sek\u00e4\u00a0kaikkein vaikeimpien oireiden tuottamisessa\u00a0ett\u00e4 my\u00f6skin ongelman\u00a0pysymisess\u00e4 paikoillaan.<\/p>\n<p>Mutta vaikka n\u00e4iden ongelmien esiintyminen on suhteellisen yleist\u00e4 ja niiden oireet on usein todella merkitt\u00e4vi\u00e4 ja helppo tunnistaa, niiden tehokasta hoitamista on rajoittanut se, ettei niiden olemassaolosta, niihin liittyv\u00e4st\u00e4 ehdollistumasta ja sen aiheuttamista erityisvaikutuksista ole tiedetty tarpeeksi.<\/p>\n<p>VortexHealing\u00ae on energeettinen hoitomuoto, jossa ehdollistuman mahdollisimman tarkkaan kartoittamiseen ja analysoimiseen sek\u00e4 hoitomenetelmien testaamiseen panostetaan eritt\u00e4in paljon. T\u00e4m\u00e4 k\u00e4yt\u00e4nt\u00f6 on avannut\u00a0ihmisen energiaj\u00e4rjestelm\u00e4n rakennetta aivan uudella tavalla ja auttanut kehitt\u00e4m\u00e4\u00e4n tarvittavat hoitomenetelm\u00e4t l\u00f6ydetyn ehdollistuman muuntamiseen. Niinp\u00e4 my\u00f6s Musta aukko &#8211; ja Spot-ongelmille on kehitetty\u00a0erityinen hoitoprotokolla ja se on osoittautunut k\u00e4yt\u00e4nn\u00f6ss\u00e4 eritt\u00e4in toimivaksi.<\/p>\n<p>&nbsp;<\/p>\n<h3>Musta aukko &#8211; ja Spot-ongelmien hoitaminen<\/h3>\n<p>Vaikka yll\u00e4 mainitut musta aukko &#8211; ja spot-ongelmien oireet saattavat tuntua tutuilta, ongelman esiintyminen\u00a0varmennetaan niiden hoitoon tarkoitetun hoitoprotokollan avulla. T\u00e4m\u00e4 tsekkaus on ilmainen ja voin tehd\u00e4 sen et\u00e4n\u00e4 &#8211; sinun tarvitsee vain l\u00e4hett\u00e4\u00e4 minulle omalla nimell\u00e4si ja kuvallasi varustettu tsekkauspyynt\u00f6 s\u00e4hk\u00f6postitse. Pystyn toimittamaan vastauksen yleens\u00e4 muutaman p\u00e4iv\u00e4n kuluessa.<\/p>\n<p>Jos vastaus on my\u00f6nt\u00e4v\u00e4 ja harkitset hoitojen ottamista, voit soittaa minulle\u00a0voidaksemme jutella tilanteestasi tarkemmin. Pyrimme silloin my\u00f6s katsomaan ihan kokemusper\u00e4isesti, ett\u00e4 mist\u00e4 kohdallasi on kyse, miss\u00e4 ongelma sijaitsee kehossasi, milt\u00e4 sen ytimess\u00e4 tuntuu olla ja kuinka se koskettaa sinua ja el\u00e4m\u00e4\u00e4si. T\u00e4m\u00e4n j\u00e4lkeen voit halutessasi sopia ajan ensimm\u00e4iselle hoidolle.<\/p>\n<p>Tarvittava hoitojen m\u00e4\u00e4r\u00e4 vaihtelee tilanteen\u00a0mukaan, mutta yleens\u00e4 t\u00e4m\u00e4n tyyppiset, vakavat aiheet\/ongelmat viev\u00e4t 3-6 hoitoa (annan t\u00e4st\u00e4 arvion ennen hoitojen aloittamista). Lukum\u00e4\u00e4r\u00e4\u00e4n vaikuttavia tekij\u00f6it\u00e4\u00a0ovat mm. ongelman syvyys, vakavuus, laajuus, kroonisuus, akuuttisuus sek\u00e4 siihen kuuluvat mahdolliset\u00a0terveydelliset seikat, kuten esim. fyysiset oireet, matala energiataso, kehon tulehdustilat sek\u00e4 mahdolliset virus- ja bakteeritartunnat.<\/p>\n<p>Hoitojen tarkoituksena on muuntaa ja vapauttaa asiaan liittyv\u00e4\u00e4 ehdollistumaa niin, ett\u00e4 se\u00a0menett\u00e4\u00e4 otettaan\u00a0ja huomion suuntaaminen entist\u00e4 rakentavampiin ajatuksiin ja tekoihin lis\u00e4\u00e4ntyy. Sen lis\u00e4ksi\u00a0hoidot muuntavat ja vapauttavat\u00a0ongelman\u00a0ytimeen muodostunutta identiteetti\u00e4, joka toimii kuin punaisena lankana, yhdist\u00e4en\u00a0niin oman min\u00e4-kuvan kuin kaikki muutkin ongelman osaset toisiinsa, pit\u00e4en niit\u00e4 tiukasti paikoillaan.\u00a0Niinp\u00e4 Musta aukko &#8211; ja Spot-ongelmien\u00a0hoitaminen voi olla ratkaisevassa asemassa sis\u00e4isen vapauden ja el\u00e4m\u00e4nmuutoksen aikaansaamiseksi.<\/p>\n<p>&nbsp;<\/p>\n<p><strong>Hinnat<\/strong><\/p>\n<ul>\n<li>Yksi hoitokerta on 150\u20ac (sis. ALV:n) ja siihen sis\u00e4ltyy puhelinkonsultaatio, yksi tunnin mittainen et\u00e4hoito sek\u00e4 hoitopalaute (joko meilitse tai puhelimitse)<\/li>\n<\/ul>\n<p>&nbsp;<\/p>\n<h4>Hoitokokemus<\/h4>\n<p>&nbsp;<\/p>\n<div class=\"\" style=\"text-align: left;\">\n<div class=\"\"><\/div>\n<div class=\"\"><strong><em>Black hole \u2013 2011<\/em><\/strong><\/div>\n<div class=\"\"><\/div>\n<div class=\"\"><em><br \/>\nMy whole life from birth 1987 till 2011 was built on deep denial and escape. I was not living according to what I knew to be true. Now imagine what kind of toxic emotional load gets stored into ones body when for 25 years, ever single day you hold thousands of non true beliefs and make hundred of acts and choices that do not reflect the deepest truth within yourself and what you hold as valuable.\u00a0<\/em><\/div>\n<div class=\"\"><em>\u00a0<\/em><\/div>\n<div class=\"\"><\/div>\n<div class=\"\"><em>2011 we did the blackhole therapy, theme being el\u00e4m\u00e4n realiteettien pakeneminen. First I took it as something quite external, but within a week or two, I went directly to the core: I had been escaping what I knew to be true for me for years. From that moment, started a heavy, deep and painful release of karma, conditioning what ever you wish to call it.<\/em><\/div>\n<div class=\"\"><em>\u00a0<\/em><\/div>\n<div class=\"\"><\/div>\n<div class=\"\"><em>Everything was to be revisited, but only to be released. I went through such deep emotional and physical pain that at one stage you\u2019d think this kid doesn\u2019t have long to live, yet all doctors were telling me that I was in perfect health. 8 months down the line, things started to calm down and with space and silence my heart could open and I began to discover life &amp; love, the two synonyms.<\/em><\/div>\n<div class=\"\"><em>\u00a0<\/em><\/div>\n<div class=\"\"><\/div>\n<div class=\"\"><em>Around this time, I started to see the vast and deep implication of the healing we had back in august 2011. Removing of the blackhole was just the start for a whole process that led me much further than I could have ever expected.<\/em><\/div>\n<div class=\"\"><em>\u00a0<\/em><\/div>\n<div class=\"\"><\/div>\n<\/div>\n<p>[\/vc_column_text]<div class=\"plethora_button wpb_content_element   text-center \">\r\n    <a href=\"http:\/\/timokivio.com\/staging\/yhteystiedot\/\" debug class=\" btn btn-secondary  \" title=\"\"  target=\"_self\">\r\n\r\n        \r\n        Ota yhteytt\u00e4\r\n        \r\n\r\n    <\/a>\r\n<\/div>[\/vc_column][vc_column margin=&#8221;margin_bottom_grid&#8221; offset=&#8221;vc_col-md-6&#8243;]<div class=\"pl_fixed_ratio_media  \">\r\n    <div class=\"stretchy_wrapper ratio_16-9   bg_vcenter\" style=\"background-image: url('https:\/\/timokivio.com\/staging\/wp-content\/uploads\/2016\/02\/sunset-1989887_1920.jpg');\">\r\n      <img decoding=\"async\" alt=\"\" src=\"https:\/\/timokivio.com\/staging\/wp-content\/uploads\/2016\/02\/sunset-1989887_1920.jpg\">\r\n    <\/div>\r\n\r\n<\/div>[\/vc_column][\/vc_row][vc_row full_width=&#8221;0&#8243; full_height=&#8221;0&#8243; row_padding=&#8221;no_bottom_padding&#8221; sep_bottom=&#8221;separator_bottom sep_angled_positive_bottom&#8221; particles=&#8221;0&#8243; css=&#8221;.vc_custom_1457427069834{padding-top: 64px !important;padding-bottom: 64px !important;}&#8221;][vc_column]<div class=\"section_header subtitle_bottom   vc_custom_1496663900537 fancy text-center\">\r\n\r\n    <h3>Voit aina soittaa, jos haluat lis\u00e4tietoja&#8230;<\/h3>\n\r\n\r\n        <p >Puh: 045-231 8155<\/p>\r\n<\/div>[\/vc_column][\/vc_row]<\/p>\n<\/div>","protected":false},"excerpt":{"rendered":"<p>[vc_row full_width=&#8221;0&#8243; full_height=&#8221;0&#8243; row_padding=&#8221;no_padding&#8221; particles=&#8221;0&#8243; css=&#8221;.vc_custom_1457426772551{padding-top: 64px !important;}&#8221;][vc_column offset=&#8221;vc_col-md-6&#8243;][vc_column_text]Musta aukko -ongelma on useamman el\u00e4m\u00e4n aikana muodostunut, henkil\u00f6kohtaisen historiamme aikaansaama ydinongelma tai teema, joka hallitsee niin sis\u00e4ist\u00e4 kuin ulkoistakin el\u00e4m\u00e4\u00e4mme ja [&hellip;]<\/p>\n","protected":false},"author":1,"featured_media":1362,"parent":0,"menu_order":0,"comment_status":"closed","ping_status":"closed","template":"","meta":{"footnotes":""},"class_list":["post-1271","page","type-page","status-publish","has-post-thumbnail","hentry"],"yoast_head":"<!-- This site is optimized with the Yoast SEO plugin v24.2 - https:\/\/yoast.com\/wordpress\/plugins\/seo\/ -->\n<title>Musta aukko -ongelman hoitaminen - timokivio.com<\/title>\n<meta name=\"robots\" content=\"index, follow, max-snippet:-1, max-image-preview:large, max-video-preview:-1\" \/>\n<link rel=\"canonical\" href=\"https:\/\/timokivio.com\/staging\/musta-aukko-ongelman-hoitaminen\/\" \/>\n<meta name=\"twitter:label1\" content=\"Arvioitu lukuaika\" \/>\n\t<meta name=\"twitter:data1\" content=\"6 minuuttia\" \/>\n<script type=\"application\/ld+json\" class=\"yoast-schema-graph\">{\"@context\":\"https:\/\/schema.org\",\"@graph\":[{\"@type\":\"WebPage\",\"@id\":\"https:\/\/timokivio.com\/staging\/musta-aukko-ongelman-hoitaminen\/\",\"url\":\"https:\/\/timokivio.com\/staging\/musta-aukko-ongelman-hoitaminen\/\",\"name\":\"Musta aukko -ongelman hoitaminen - timokivio.com\",\"isPartOf\":{\"@id\":\"https:\/\/timokivio.com\/staging\/#website\"},\"primaryImageOfPage\":{\"@id\":\"https:\/\/timokivio.com\/staging\/musta-aukko-ongelman-hoitaminen\/#primaryimage\"},\"image\":{\"@id\":\"https:\/\/timokivio.com\/staging\/musta-aukko-ongelman-hoitaminen\/#primaryimage\"},\"thumbnailUrl\":\"https:\/\/timokivio.com\/staging\/wp-content\/uploads\/2016\/02\/sunset-1989887_1920.jpg\",\"datePublished\":\"2017-05-17T18:52:08+00:00\",\"dateModified\":\"2017-08-09T11:36:49+00:00\",\"breadcrumb\":{\"@id\":\"https:\/\/timokivio.com\/staging\/musta-aukko-ongelman-hoitaminen\/#breadcrumb\"},\"inLanguage\":\"fi\",\"potentialAction\":[{\"@type\":\"ReadAction\",\"target\":[\"https:\/\/timokivio.com\/staging\/musta-aukko-ongelman-hoitaminen\/\"]}]},{\"@type\":\"ImageObject\",\"inLanguage\":\"fi\",\"@id\":\"https:\/\/timokivio.com\/staging\/musta-aukko-ongelman-hoitaminen\/#primaryimage\",\"url\":\"https:\/\/timokivio.com\/staging\/wp-content\/uploads\/2016\/02\/sunset-1989887_1920.jpg\",\"contentUrl\":\"https:\/\/timokivio.com\/staging\/wp-content\/uploads\/2016\/02\/sunset-1989887_1920.jpg\",\"width\":1920,\"height\":1280},{\"@type\":\"BreadcrumbList\",\"@id\":\"https:\/\/timokivio.com\/staging\/musta-aukko-ongelman-hoitaminen\/#breadcrumb\",\"itemListElement\":[{\"@type\":\"ListItem\",\"position\":1,\"name\":\"Home\",\"item\":\"https:\/\/timokivio.com\/staging\/\"},{\"@type\":\"ListItem\",\"position\":2,\"name\":\"Musta aukko -ongelman hoitaminen\"}]},{\"@type\":\"WebSite\",\"@id\":\"https:\/\/timokivio.com\/staging\/#website\",\"url\":\"https:\/\/timokivio.com\/staging\/\",\"name\":\"timokivio.com\",\"description\":\"Blog\",\"potentialAction\":[{\"@type\":\"SearchAction\",\"target\":{\"@type\":\"EntryPoint\",\"urlTemplate\":\"https:\/\/timokivio.com\/staging\/?s={search_term_string}\"},\"query-input\":{\"@type\":\"PropertyValueSpecification\",\"valueRequired\":true,\"valueName\":\"search_term_string\"}}],\"inLanguage\":\"fi\"}]}<\/script>\n<!-- \/ Yoast SEO plugin. -->","yoast_head_json":{"title":"Musta aukko -ongelman hoitaminen - timokivio.com","robots":{"index":"index","follow":"follow","max-snippet":"max-snippet:-1","max-image-preview":"max-image-preview:large","max-video-preview":"max-video-preview:-1"},"canonical":"https:\/\/timokivio.com\/staging\/musta-aukko-ongelman-hoitaminen\/","twitter_misc":{"Arvioitu lukuaika":"6 minuuttia"},"schema":{"@context":"https:\/\/schema.org","@graph":[{"@type":"WebPage","@id":"https:\/\/timokivio.com\/staging\/musta-aukko-ongelman-hoitaminen\/","url":"https:\/\/timokivio.com\/staging\/musta-aukko-ongelman-hoitaminen\/","name":"Musta aukko -ongelman hoitaminen - timokivio.com","isPartOf":{"@id":"https:\/\/timokivio.com\/staging\/#website"},"primaryImageOfPage":{"@id":"https:\/\/timokivio.com\/staging\/musta-aukko-ongelman-hoitaminen\/#primaryimage"},"image":{"@id":"https:\/\/timokivio.com\/staging\/musta-aukko-ongelman-hoitaminen\/#primaryimage"},"thumbnailUrl":"https:\/\/timokivio.com\/staging\/wp-content\/uploads\/2016\/02\/sunset-1989887_1920.jpg","datePublished":"2017-05-17T18:52:08+00:00","dateModified":"2017-08-09T11:36:49+00:00","breadcrumb":{"@id":"https:\/\/timokivio.com\/staging\/musta-aukko-ongelman-hoitaminen\/#breadcrumb"},"inLanguage":"fi","potentialAction":[{"@type":"ReadAction","target":["https:\/\/timokivio.com\/staging\/musta-aukko-ongelman-hoitaminen\/"]}]},{"@type":"ImageObject","inLanguage":"fi","@id":"https:\/\/timokivio.com\/staging\/musta-aukko-ongelman-hoitaminen\/#primaryimage","url":"https:\/\/timokivio.com\/staging\/wp-content\/uploads\/2016\/02\/sunset-1989887_1920.jpg","contentUrl":"https:\/\/timokivio.com\/staging\/wp-content\/uploads\/2016\/02\/sunset-1989887_1920.jpg","width":1920,"height":1280},{"@type":"BreadcrumbList","@id":"https:\/\/timokivio.com\/staging\/musta-aukko-ongelman-hoitaminen\/#breadcrumb","itemListElement":[{"@type":"ListItem","position":1,"name":"Home","item":"https:\/\/timokivio.com\/staging\/"},{"@type":"ListItem","position":2,"name":"Musta aukko -ongelman hoitaminen"}]},{"@type":"WebSite","@id":"https:\/\/timokivio.com\/staging\/#website","url":"https:\/\/timokivio.com\/staging\/","name":"timokivio.com","description":"Blog","potentialAction":[{"@type":"SearchAction","target":{"@type":"EntryPoint","urlTemplate":"https:\/\/timokivio.com\/staging\/?s={search_term_string}"},"query-input":{"@type":"PropertyValueSpecification","valueRequired":true,"valueName":"search_term_string"}}],"inLanguage":"fi"}]}},"_links":{"self":[{"href":"https:\/\/timokivio.com\/staging\/wp-json\/wp\/v2\/pages\/1271","targetHints":{"allow":["GET"]}}],"collection":[{"href":"https:\/\/timokivio.com\/staging\/wp-json\/wp\/v2\/pages"}],"about":[{"href":"https:\/\/timokivio.com\/staging\/wp-json\/wp\/v2\/types\/page"}],"author":[{"embeddable":true,"href":"https:\/\/timokivio.com\/staging\/wp-json\/wp\/v2\/users\/1"}],"replies":[{"embeddable":true,"href":"https:\/\/timokivio.com\/staging\/wp-json\/wp\/v2\/comments?post=1271"}],"version-history":[{"count":25,"href":"https:\/\/timokivio.com\/staging\/wp-json\/wp\/v2\/pages\/1271\/revisions"}],"predecessor-version":[{"id":1657,"href":"https:\/\/timokivio.com\/staging\/wp-json\/wp\/v2\/pages\/1271\/revisions\/1657"}],"wp:featuredmedia":[{"embeddable":true,"href":"https:\/\/timokivio.com\/staging\/wp-json\/wp\/v2\/media\/1362"}],"wp:attachment":[{"href":"https:\/\/timokivio.com\/staging\/wp-json\/wp\/v2\/media?parent=1271"}],"curies":[{"name":"wp","href":"https:\/\/api.w.org\/{rel}","templated":true}]}}